 divided by 83.
79
What is the remainder when 103 is divided by 3?
1
What is the remainder when 677 is divided by 159?
41
Calculate the remainder when 80 is divided by 14.
10
What is the remainder when 355 is divided by 40?
35
What is the remainder when 601 is divided by 33?
7
Calculate the remainder when 139 is divided by 10.
9
Calculate the remainder when 12469 is divided by 29.
28
What is the remainder when 5391 is divided by 16?
15
Calculate the remainder when 554 is divided by 548.
6
What is the remainder when 227 is divided by 29?
24
What is the remainder when 619 is divided by 32?
11
Calculate the remainder when 384 is divided by 39.
33
What is the remainder when 140 is divided by 21?
14
What is the remainder when 1850 is divided by 9?
5
What is the remainder when 6227 is divided by 5?
2
What is the remainder when 74 is divided by 36?
2
What is the remainder when 2098 is divided by 54?
46
What is the remainder when 485 is divided by 98?
93
Calculate the remainder when 5311 is divided by 7.
5
What is the remainder when 1406 is divided by 172?
30
Calculate the remainder when 2265 is divided by 126.
123
What is the remainder when 1302 is divided by 32?
22
What is the remainder when 1084 is divided by 35?
34
What is the remainder when 2489 is divided by 10?
9
Calculate the remainder when 314 is divided by 73.
22
Calculate the remainder when 275 is divided by 78.
41
What is the remainder when 519 is divided by 25?
19
Calculate the remainder when 299 is divided by 299.
0
Calculate the remainder when 790 is divided by 393.
4
Calculate the remainder when 133 is divided by 127.
6
Calculate the remainder when 2413 is divided by 31.
26
What is the remainder when 781 is divided by 5?
1
Calculate the remainder when 196 is divided by 11.
9
Calculate the remainder when 55 is divided by 16.
7
Calculate the remainder when 187 is divided by 44.
11
What is the remainder when 47 is divided by 24?
23
What is the remainder when 3384 is divided by 676?
4
Calculate the remainder when 282 is divided by 157.
125
Calculate the remainder when 782 is divided by 16.
14
What is the remainder when 1196 is divided by 21?
20
What is the remainder when 316 is divided by 16?
12
What is the remainder when 602 is divided by 103?
87
What is the remainder when 1651 is divided by 167?
148
What is the remainder when 4646 is divided by 25?
21
What is the remainder when 256 is divided by 6?
4
What is the remainder when 36072 is divided by 185?
182
What is the remainder when 106 is divided by 9?
7
What is the remainder when 48 is divided by 7?
6
What is the remainder when 1032 is divided by 5?
2
What is the remainder when 382 is divided by 36?
22
What is the remainder when 173 is divided by 50?
23
Calculate the remainder when 145 is divided by 14.
5
Calculate the remainder when 37 is divided by 28.
9
Calculate the remainder when 544 is divided by 268.
8
What is the remainder when 14409 is divided by 22?
21
Calculate the remainder when 201 is divided by 32.
9
What is the remainder when 391 is divided by 47?
15
Calculate the remainder when 82 is divided by 22.
16
What is the remainder when 87 is divided by 52?
35
Calculate the remainder when 435 is divided by 74.
65
Calculate the remainder when 1071 is divided by 77.
70
What is the remainder when 141 is divided by 51?
39
What is the remainder when 353 is divided by 17?
13
Calculate the remainder when 227 is divided by 146.
81
What is the remainder when 364 is divided by 48?
28
What is the remainder when 9141 is divided by 12?
9
Calculate the remainder when 80 is divided by 50.
30
Calculate the remainder when 77 is divided by 10.
7
Calculate the remainder when 1382 is divided by 341.
18
What is the remainder when 703 is divided by 103?
85
Calculate the remainder when 10146 is divided by 3382.
0
What is the remainder when 3453 is divided by 3?
0
Calculate the remainder when 122 is divided by 21.
17
What is the remainder when 2198 is divided by 170?
158
What is the remainder when 169 is divided by 88?
81
What is the remainder when 417 is divided by 32?
1
Calculate the remainder when 3445 is divided by 29.
23
Calculate the remainder when 34221 is divided by 92.
89
What is the remainder when 664 is divided by 73?
7
Calculate the remainder when 4453 is divided by 15.
13
What is the remainder when 307 is divided by 82?
61
Calculate the remainder when 376 is divided by 89.
20
Calculate the remainder when 527 is divided by 38.
33
Calculate the remainder when 18 is divided by 17.
1
What is the remainder when 31211 is divided by 306?
305
What is the remainder when 330 is divided by 51?
24
Calculate the remainder when 595 is divided by 76.
63
Calculate the remainder when 35647 is divided by 10.
7
Calculate the remainder when 463 is divided by 24.
7
What is the remainder when 4876 is divided by 80?
76
Calculate the remainder when 91 is divided by 20.
11
What is the remainder when 336 is divided by 4?
0
Calculate the remainder when 28 is divided by 11.
6
What is the remainder when 1103 is divided by 12?
11
What is the remainder when 47 is divided by 18?
11
What is the remainder when 1238 is divided by 73?
70
What is the remainder when 608 is divided by 74?
16
Calculate the remainder when 216 is divided by 37.
31
What is the remainder when 2241 is divided by 17?
14
Calculate the remainder when 1816 is divided by 24.
16
Calculate the remainder when 36 is divided by 15.
6
Calculate the remainder when 200 is divided by 57.
29
Calculate the remainder when 2615 is divided by 330.
305
What is the remainder when 327 is divided by 68?
55
What is the remainder when 31 is divided by 4?
3
Calculate the remainder when 4419 is divided by 69.
3
What is the remainder when 136 is divided by 35?
31
What is the remainder when 3557 is divided by 1180?
17
What is the remainder when 713 is divided by 4?
1
Calculate the remainder when 957 is divided by 185.
32
Calculate the remainder when 166 is divided by 88.
78
What is the remainder when 56 is divided by 56?
0
Calculate the remainder when 35338 is divided by 228.
226
What is the remainder when 2164 is divided by 99?
85
What is the remainder when 535 is divided by 49?
45
Calculate the remainder when 511 is divided by 11.
5
What is the remainder when 455 is divided by 108?
23
What is the remainder when 27 is divided by 15?
12
What is the remainder when 165 is divided by 42?
39
Calculate the remainder when 120 is divided by 29.
4
What is the remainder when 167 is divided by 60?
47
Calculate the remainder when 471 is divided by 11.
9
What is the remainder when 218 is divided by 44?
42
What is the remainder when 614 is divided by 22?
20
What is the remainder when 457 is divided by 21?
16
Calculate the remainder when 937 is divided by 919.
18
What is the remainder when 10 is divided by 3?
1
What is the remainder when 583 is divided by 39?
37
Calculate the remainder when 8007 is divided by 45.
42
Calculate the remainder when 753 is divided by 30.
3
What is the remainder when 616 is divided by 16?
8
What is the remainder when 10160 is divided by 12?
8
What is the remainder when 2014 is divided by 20?
14
Calculate the remainder when 2061 is divided by 129.
126
What is the remainder when 16403 is divided by 193?
191
What is the remainder when 7748 is divided by 62?
60
Calculate the remainder when 178 is divided by 137.
41
What is the remainder when 187 is divided by 47?
46
What is the remainder when 306 is divided by 11?
9
What is the remainder when 244 is divided by 64?
52
Calculate the remainder when 46 is divided by 34.
12
What is the remainder when 161 is divided by 64?
33
What is the remainder when 1097 is divided by 158?
149
What is the remainder when 13666 is divided by 51?
49
Calculate the remainder when 293 is divided by 98.
97
Calculate the remainder when 2703 is divided by 3.
0
Calculate the remainder when 195 is divided by 20.
15
What is the remainder when 572 is divided by 117?
104
What is the remainder when 956 is divided by 16?
12
What is the remainder when 283 is divided by 15?
13
Calculate the remainder when 123 is divided by 21.
18
What is the remainder when 309 is divided by 7?
1
What is the remainder when 975 is divided by 483?
9
What is the remainder when 979 is divided by 35?
34
Calculate the remaind